{"id":119,"date":"2022-04-15T21:38:30","date_gmt":"2022-04-15T21:38:30","guid":{"rendered":"http:\/\/localhost\/site_xpto\/?page_id=119"},"modified":"2025-04-14T23:48:21","modified_gmt":"2025-04-14T23:48:21","slug":"demonstracaoresultados","status":"publish","type":"page","link":"https:\/\/asavida.pt\/?page_id=119","title":{"rendered":"Or\u00e7amento | Demonstra\u00e7\u00e3o de Resultados"},"content":{"rendered":"\n<div class=\"wp-block-columns is-layout-flex wp-container-core-columns-is-layout-28f84493 wp-block-columns-is-layout-flex\">\n<div class=\"wp-block-column is-vertically-aligned-top is-layout-flow wp-block-column-is-layout-flow\">\n<figure class=\"wp-block-image size-large is-style-default\"><img loading=\"lazy\" decoding=\"async\" width=\"1024\" height=\"124\" src=\"https:\/\/asavida.pt\/wp-content\/uploads\/2025\/04\/lineSepYear24-1-1024x124.png\" alt=\"\" class=\"wp-image-467\" srcset=\"https:\/\/asavida.pt\/wp-content\/uploads\/2025\/04\/lineSepYear24-1-1024x124.png 1024w, https:\/\/asavida.pt\/wp-content\/uploads\/2025\/04\/lineSepYear24-1-300x36.png 300w, https:\/\/asavida.pt\/wp-content\/uploads\/2025\/04\/lineSepYear24-1-768x93.png 768w, https:\/\/asavida.pt\/wp-content\/uploads\/2025\/04\/lineSepYear24-1-1536x186.png 1536w, https:\/\/asavida.pt\/wp-content\/uploads\/2025\/04\/lineSepYear24-1-2048x248.png 2048w\" sizes=\"auto, (max-width: 1024px) 100vw, 1024px\" \/><\/figure>\n\n\n\n<div class=\"wp-block-buttons has-custom-font-size is-vertical is-content-justification-left is-layout-flex wp-container-core-buttons-is-layout-dd225191 wp-block-buttons-is-layout-flex\" style=\"font-size:6px;font-style:normal;font-weight:400;text-transform:capitalize\">\n<div class=\"wp-block-button has-custom-width wp-block-button__width-25 has-custom-font-size is-style-outline has-medium-font-size is-style-outline--1\"><a class=\"wp-block-button__link has-black-color has-white-background-color has-text-color has-background has-link-color has-border-color has-black-border-color wp-element-button\" href=\"https:\/\/asavida.pt\/wp-content\/uploads\/2025\/04\/Orcamento2024-1.pdf\" style=\"border-style:solid;border-radius:4px\" target=\"_blank\" rel=\"noreferrer noopener\"><strong>Or\u00e7amento<\/strong><\/a><\/div>\n\n\n\n<div class=\"wp-block-button has-custom-width wp-block-button__width-50 has-custom-font-size is-style-outline has-medium-font-size is-style-outline--2\"><a class=\"wp-block-button__link has-black-color has-white-background-color has-text-color has-background has-link-color has-border-color has-black-border-color wp-element-button\" href=\"https:\/\/asavida.pt\/wp-content\/uploads\/2025\/04\/RelatorioDeGestaoFinanceira2024.pdf\" style=\"border-style:solid;border-radius:4px\" target=\"_blank\" rel=\"noreferrer noopener\"><strong>Relat\u00f3rio de Gest\u00e3o financei<\/strong>ro<\/a><\/div>\n<\/div>\n<\/div>\n<\/div>\n\n\n\n<div class=\"wp-block-columns is-layout-flex wp-container-core-columns-is-layout-28f84493 wp-block-columns-is-layout-flex\">\n<div class=\"wp-block-column is-vertically-aligned-top is-layout-flow wp-block-column-is-layout-flow\">\n<figure class=\"wp-block-image size-large is-style-default\"><img loading=\"lazy\" decoding=\"async\" width=\"1024\" height=\"124\" src=\"https:\/\/asavida.pt\/wp-content\/uploads\/2024\/05\/lineSepYear23-1024x124.png\" alt=\"\" class=\"wp-image-381\" srcset=\"https:\/\/asavida.pt\/wp-content\/uploads\/2024\/05\/lineSepYear23-1024x124.png 1024w, https:\/\/asavida.pt\/wp-content\/uploads\/2024\/05\/lineSepYear23-300x36.png 300w, https:\/\/asavida.pt\/wp-content\/uploads\/2024\/05\/lineSepYear23-768x93.png 768w, https:\/\/asavida.pt\/wp-content\/uploads\/2024\/05\/lineSepYear23-1536x186.png 1536w, https:\/\/asavida.pt\/wp-content\/uploads\/2024\/05\/lineSepYear23-2048x248.png 2048w\" sizes=\"auto, (max-width: 1024px) 100vw, 1024px\" \/><\/figure>\n\n\n\n<div class=\"wp-block-buttons has-custom-font-size is-vertical is-content-justification-left is-layout-flex wp-container-core-buttons-is-layout-dd225191 wp-block-buttons-is-layout-flex\" style=\"font-size:6px;font-style:normal;font-weight:400;text-transform:capitalize\">\n<div class=\"wp-block-button has-custom-width wp-block-button__width-25 has-custom-font-size is-style-outline has-medium-font-size is-style-outline--3\"><a class=\"wp-block-button__link has-black-color has-white-background-color has-text-color has-background has-link-color has-border-color has-black-border-color wp-element-button\" href=\"https:\/\/asavida.pt\/wp-content\/uploads\/2024\/06\/Balanco2023.pdf\" style=\"border-style:solid;border-radius:4px\" target=\"_blank\" rel=\"noreferrer noopener\"><strong>Balan\u00e7o<\/strong><\/a><\/div>\n\n\n\n<div class=\"wp-block-button has-custom-width wp-block-button__width-50 has-custom-font-size is-style-outline has-medium-font-size is-style-outline--4\"><a class=\"wp-block-button__link has-black-color has-white-background-color has-text-color has-background has-link-color has-border-color has-black-border-color wp-element-button\" href=\"https:\/\/asavida.pt\/wp-content\/uploads\/2024\/06\/DemonstResultEFluxoCx2023.pdf\" style=\"border-style:solid;border-radius:4px\" target=\"_blank\" rel=\"noreferrer noopener\"><strong>Demonstra\u00e7\u00e3o de Resultados<\/strong><\/a><\/div>\n<\/div>\n<\/div>\n<\/div>\n\n\n\n<div class=\"wp-block-columns is-layout-flex wp-container-core-columns-is-layout-28f84493 wp-block-columns-is-layout-flex\">\n<div class=\"wp-block-column is-vertically-aligned-top is-layout-flow wp-block-column-is-layout-flow\">\n<figure class=\"wp-block-image size-large is-style-default\"><img loading=\"lazy\" decoding=\"async\" width=\"1024\" height=\"124\" src=\"https:\/\/asavida.pt\/wp-content\/uploads\/2024\/05\/lineSepYear22-1024x124.png\" alt=\"\" class=\"wp-image-380\" srcset=\"https:\/\/asavida.pt\/wp-content\/uploads\/2024\/05\/lineSepYear22-1024x124.png 1024w, https:\/\/asavida.pt\/wp-content\/uploads\/2024\/05\/lineSepYear22-300x36.png 300w, https:\/\/asavida.pt\/wp-content\/uploads\/2024\/05\/lineSepYear22-768x93.png 768w, https:\/\/asavida.pt\/wp-content\/uploads\/2024\/05\/lineSepYear22-1536x186.png 1536w, https:\/\/asavida.pt\/wp-content\/uploads\/2024\/05\/lineSepYear22-2048x248.png 2048w\" sizes=\"auto, (max-width: 1024px) 100vw, 1024px\" \/><\/figure>\n\n\n\n<div class=\"wp-block-buttons has-custom-font-size is-vertical is-content-justification-left is-layout-flex wp-container-core-buttons-is-layout-dd225191 wp-block-buttons-is-layout-flex\" style=\"font-size:6px;font-style:normal;font-weight:400;text-transform:capitalize\">\n<div class=\"wp-block-button has-custom-width wp-block-button__width-25 has-custom-font-size is-style-outline has-medium-font-size is-style-outline--5\"><a class=\"wp-block-button__link has-black-color has-white-background-color has-text-color has-background has-link-color has-border-color has-black-border-color wp-element-button\" href=\"https:\/\/asavida.pt\/wp-content\/uploads\/2024\/05\/Balanco2022.pdf\" style=\"border-style:solid;border-radius:4px\" target=\"_blank\" rel=\"noreferrer noopener\"><strong>Balan\u00e7o<\/strong><\/a><\/div>\n\n\n\n<div class=\"wp-block-button has-custom-width wp-block-button__width-50 has-custom-font-size is-style-outline has-medium-font-size is-style-outline--6\"><a class=\"wp-block-button__link has-black-color has-white-background-color has-text-color has-background has-link-color has-border-color has-black-border-color wp-element-button\" href=\"https:\/\/asavida.pt\/wp-content\/uploads\/2024\/05\/DemonstResultados2022.pdf\" style=\"border-style:solid;border-radius:4px\" target=\"_blank\" rel=\"noreferrer noopener\"><strong>Demonstra\u00e7\u00e3o de Resultados<\/strong><\/a><\/div>\n<\/div>\n<\/div>\n<\/div>\n\n\n\n<div class=\"wp-block-columns is-layout-flex wp-container-core-columns-is-layout-28f84493 wp-block-columns-is-layout-flex\">\n<div class=\"wp-block-column is-vertically-aligned-top is-layout-flow wp-block-column-is-layout-flow\">\n<figure class=\"wp-block-image size-large is-style-default\"><img loading=\"lazy\" decoding=\"async\" width=\"1024\" height=\"124\" src=\"https:\/\/asavida.pt\/wp-content\/uploads\/2024\/05\/lineSepYear21-1024x124.png\" alt=\"\" class=\"wp-image-379\" srcset=\"https:\/\/asavida.pt\/wp-content\/uploads\/2024\/05\/lineSepYear21-1024x124.png 1024w, https:\/\/asavida.pt\/wp-content\/uploads\/2024\/05\/lineSepYear21-300x36.png 300w, https:\/\/asavida.pt\/wp-content\/uploads\/2024\/05\/lineSepYear21-768x93.png 768w, https:\/\/asavida.pt\/wp-content\/uploads\/2024\/05\/lineSepYear21-1536x186.png 1536w, https:\/\/asavida.pt\/wp-content\/uploads\/2024\/05\/lineSepYear21-2048x248.png 2048w\" sizes=\"auto, (max-width: 1024px) 100vw, 1024px\" \/><\/figure>\n\n\n\n<div class=\"wp-block-buttons has-custom-font-size is-vertical is-content-justification-left is-layout-flex wp-container-core-buttons-is-layout-dd225191 wp-block-buttons-is-layout-flex\" style=\"font-size:6px;font-style:normal;font-weight:400;text-transform:capitalize\">\n<div class=\"wp-block-button has-custom-width wp-block-button__width-25 has-custom-font-size is-style-outline has-medium-font-size is-style-outline--7\"><a class=\"wp-block-button__link has-black-color has-white-background-color has-text-color has-background has-link-color has-border-color has-black-border-color wp-element-button\" href=\"https:\/\/asavida.pt\/wp-content\/uploads\/2024\/05\/Balanco2021.pdf\" style=\"border-style:solid;border-radius:4px\" target=\"_blank\" rel=\"noreferrer noopener\"><strong>Balan\u00e7o<\/strong><\/a><\/div>\n\n\n\n<div class=\"wp-block-button has-custom-width wp-block-button__width-50 has-custom-font-size is-style-outline has-medium-font-size is-style-outline--8\"><a class=\"wp-block-button__link has-black-color has-white-background-color has-text-color has-background has-link-color has-border-color has-black-border-color wp-element-button\" href=\"https:\/\/asavida.pt\/wp-content\/uploads\/2024\/05\/DemonstResultados2021.pdf\" style=\"border-style:solid;border-radius:4px\" target=\"_blank\" rel=\"noreferrer noopener\"><strong>Demonstra\u00e7\u00e3o de Resultados<\/strong><\/a><\/div>\n<\/div>\n<\/div>\n<\/div>\n\n\n\n<div class=\"wp-block-columns is-layout-flex wp-container-core-columns-is-layout-28f84493 wp-block-columns-is-layout-flex\">\n<div class=\"wp-block-column is-vertically-aligned-top is-layout-flow wp-block-column-is-layout-flow\">\n<figure class=\"wp-block-image size-large is-style-default\"><img loading=\"lazy\" decoding=\"async\" width=\"1024\" height=\"124\" src=\"https:\/\/asavida.pt\/wp-content\/uploads\/2024\/05\/lineSepYear20-1024x124.png\" alt=\"\" class=\"wp-image-378\" srcset=\"https:\/\/asavida.pt\/wp-content\/uploads\/2024\/05\/lineSepYear20-1024x124.png 1024w, https:\/\/asavida.pt\/wp-content\/uploads\/2024\/05\/lineSepYear20-300x36.png 300w, https:\/\/asavida.pt\/wp-content\/uploads\/2024\/05\/lineSepYear20-768x93.png 768w, https:\/\/asavida.pt\/wp-content\/uploads\/2024\/05\/lineSepYear20-1536x186.png 1536w, https:\/\/asavida.pt\/wp-content\/uploads\/2024\/05\/lineSepYear20-2048x248.png 2048w\" sizes=\"auto, (max-width: 1024px) 100vw, 1024px\" \/><\/figure>\n\n\n\n<div class=\"wp-block-buttons is-vertical is-content-justification-left is-layout-flex wp-container-core-buttons-is-layout-dd225191 wp-block-buttons-is-layout-flex\">\n<div class=\"wp-block-button has-custom-width wp-block-button__width-25 has-custom-font-size is-style-outline has-medium-font-size is-style-outline--9\"><a class=\"wp-block-button__link has-black-color has-white-background-color has-text-color has-background has-link-color has-border-color has-black-border-color wp-element-button\" href=\"https:\/\/asavida.pt\/wp-content\/uploads\/2024\/05\/Balanco-31122020.pdf\" style=\"border-style:solid;border-radius:4px\" target=\"_blank\" rel=\"noreferrer noopener\"><strong>Balan\u00e7o<\/strong><\/a><\/div>\n\n\n\n<div class=\"wp-block-button has-custom-width wp-block-button__width-50 has-custom-font-size is-style-outline has-medium-font-size is-style-outline--10\"><a class=\"wp-block-button__link has-black-color has-white-background-color has-text-color has-background has-link-color has-border-color has-black-border-color wp-element-button\" href=\"https:\/\/asavida.pt\/wp-content\/uploads\/2024\/05\/Demonstracao-de-resultados-2020.pdf\" style=\"border-style:solid;border-radius:4px\" target=\"_blank\" rel=\"noreferrer noopener\"><strong>Demonstra\u00e7\u00e3o de Resultados<\/strong><\/a><\/div>\n<\/div>\n<\/div>\n<\/div>\n","protected":false},"excerpt":{"rendered":"","protected":false},"author":1,"featured_media":0,"parent":0,"menu_order":0,"comment_status":"closed","ping_status":"closed","template":"","meta":{"zakra_sidebar_layout":"centered","zakra_remove_content_margin":true,"zakra_sidebar":"customizer","zakra_transparent_header":"customizer","zakra_logo":0,"zakra_main_header_style":"zak-layout-1-style-1","zakra_menu_item_color":"","zakra_menu_item_hover_color":"","zakra_menu_item_active_color":"","zakra_menu_active_style":"","zakra_page_header":true,"footnotes":""},"class_list":["post-119","page","type-page","status-publish","hentry"],"_links":{"self":[{"href":"https:\/\/asavida.pt\/index.php?rest_route=\/wp\/v2\/pages\/119","targetHints":{"allow":["GET"]}}],"collection":[{"href":"https:\/\/asavida.pt\/index.php?rest_route=\/wp\/v2\/pages"}],"about":[{"href":"https:\/\/asavida.pt\/index.php?rest_route=\/wp\/v2\/types\/page"}],"author":[{"embeddable":true,"href":"https:\/\/asavida.pt\/index.php?rest_route=\/wp\/v2\/users\/1"}],"replies":[{"embeddable":true,"href":"https:\/\/asavida.pt\/index.php?rest_route=%2Fwp%2Fv2%2Fcomments&post=119"}],"version-history":[{"count":24,"href":"https:\/\/asavida.pt\/index.php?rest_route=\/wp\/v2\/pages\/119\/revisions"}],"predecessor-version":[{"id":489,"href":"https:\/\/asavida.pt\/index.php?rest_route=\/wp\/v2\/pages\/119\/revisions\/489"}],"wp:attachment":[{"href":"https:\/\/asavida.pt\/index.php?rest_route=%2Fwp%2Fv2%2Fmedia&parent=119"}],"curies":[{"name":"wp","href":"https:\/\/api.w.org\/{rel}","templated":true}]}}