{"id":54,"date":"2022-04-11T22:42:42","date_gmt":"2022-04-11T22:42:42","guid":{"rendered":"http:\/\/localhost\/site_xpto\/?page_id=54"},"modified":"2024-05-07T23:38:42","modified_gmt":"2024-05-07T23:38:42","slug":"servico-de-apoio-domiciliario","status":"publish","type":"page","link":"https:\/\/asavida.pt\/?page_id=54","title":{"rendered":"Servi\u00e7o de Apoio Domicili\u00e1rio"},"content":{"rendered":"\n<div class=\"wp-block-columns is-layout-flex wp-container-core-columns-is-layout-28f84493 wp-block-columns-is-layout-flex\">\n<div class=\"wp-block-column is-layout-flow wp-block-column-is-layout-flow\" style=\"flex-basis:33.33%\">\n<figure class=\"wp-block-image size-full\"><img loading=\"lazy\" decoding=\"async\" width=\"342\" height=\"640\" src=\"https:\/\/asavida.pt\/wp-content\/uploads\/2024\/05\/ASAVIDA_CD.png\" alt=\"\" class=\"wp-image-437\" srcset=\"https:\/\/asavida.pt\/wp-content\/uploads\/2024\/05\/ASAVIDA_CD.png 342w, https:\/\/asavida.pt\/wp-content\/uploads\/2024\/05\/ASAVIDA_CD-160x300.png 160w\" sizes=\"auto, (max-width: 342px) 100vw, 342px\" \/><\/figure>\n<\/div>\n\n\n\n<div class=\"wp-block-column is-layout-flow wp-block-column-is-layout-flow\" style=\"flex-basis:66.66%\">\n<p><br>A resposta social de&nbsp;<strong>Servi\u00e7o de Apoio Domicili\u00e1rio<\/strong> (SAD)&nbsp;consiste na presta\u00e7\u00e3o de cuidados individualizados e personalizados no domic\u00edlio, ao idoso e fam\u00edlias, quando, por motivo de doen\u00e7a, defici\u00eancia ou outro impedimento, n\u00e3o possam assegurar tempor\u00e1ria ou permanentemente, a satisfa\u00e7\u00e3o das suas necessidades b\u00e1sicas e\/ou as atividades da vida di\u00e1ria e rege-se pelas normas legais aplic\u00e1veis \u00e0 val\u00eancia.<\/p>\n\n\n\n<h3 class=\"wp-block-heading has-vivid-cyan-blue-color has-text-color has-medium-font-size\"><i class=\"fas fa-user\"><\/i> Capacidade<\/h3>\n\n\n\n<p>O SAD tem capacidade para 25 utentes.<\/p>\n\n\n\n<h2 class=\"wp-block-heading has-vivid-cyan-blue-color has-text-color has-medium-font-size\"><i class=\"fas fa-user\"><\/i> Funcionamento<\/h2>\n\n\n\n<p>Dias \u00fateis: das 8h00 \u00e0s 17h00.<br>Fim de semana: das 8h00 \u00e0s 17h00<br><\/p>\n\n\n\n<h3 class=\"wp-block-heading has-vivid-cyan-blue-color has-text-color has-medium-font-size\"><i class=\"fas fa-user\"><\/i> Servi\u00e7os prestados<\/h3>\n\n\n\n<ul class=\"wp-block-list\">\n<li>Alimenta\u00e7\u00e3o;<\/li>\n\n\n\n<li>Higiene Pessoal;<\/li>\n\n\n\n<li>Higiene Habitacional;<\/li>\n\n\n\n<li>Tratamento de roupas;<\/li>\n\n\n\n<li>Anima\u00e7\u00e3o;<\/li>\n\n\n\n<li>Apoio na medica\u00e7\u00e3o;<\/li>\n\n\n\n<li>Cuidados de imagem<\/li>\n\n\n\n<li>Pequenas repara\u00e7\u00f5es no domic\u00edlio;<\/li>\n<\/ul>\n<\/div>\n<\/div>\n","protected":false},"excerpt":{"rendered":"<p>A resposta social de&nbsp;Servi\u00e7o de Apoio Domicili\u00e1rio (SAD)&nbsp;consiste na presta\u00e7\u00e3o de cuidados individualizados e personalizados no domic\u00edlio, ao idoso e fam\u00edlias, quando, por motivo de doen\u00e7a, defici\u00eancia ou outro impedimento, n\u00e3o possam assegurar tempor\u00e1ria ou permanentemente, a satisfa\u00e7\u00e3o das suas necessidades b\u00e1sicas e\/ou as atividades da vida di\u00e1ria e rege-se pelas normas legais aplic\u00e1veis \u00e0 [&hellip;]<\/p>\n","protected":false},"author":1,"featured_media":0,"parent":0,"menu_order":0,"comment_status":"closed","ping_status":"closed","template":"","meta":{"zakra_sidebar_layout":"centered","zakra_remove_content_margin":false,"zakra_sidebar":"customizer","zakra_transparent_header":"customizer","zakra_logo":0,"zakra_main_header_style":"zak-layout-1-style-1","zakra_menu_item_color":"","zakra_menu_item_hover_color":"","zakra_menu_item_active_color":"","zakra_menu_active_style":"","zakra_page_header":true,"footnotes":""},"class_list":["post-54","page","type-page","status-publish","hentry"],"_links":{"self":[{"href":"https:\/\/asavida.pt\/index.php?rest_route=\/wp\/v2\/pages\/54","targetHints":{"allow":["GET"]}}],"collection":[{"href":"https:\/\/asavida.pt\/index.php?rest_route=\/wp\/v2\/pages"}],"about":[{"href":"https:\/\/asavida.pt\/index.php?rest_route=\/wp\/v2\/types\/page"}],"author":[{"embeddable":true,"href":"https:\/\/asavida.pt\/index.php?rest_route=\/wp\/v2\/users\/1"}],"replies":[{"embeddable":true,"href":"https:\/\/asavida.pt\/index.php?rest_route=%2Fwp%2Fv2%2Fcomments&post=54"}],"version-history":[{"count":2,"href":"https:\/\/asavida.pt\/index.php?rest_route=\/wp\/v2\/pages\/54\/revisions"}],"predecessor-version":[{"id":441,"href":"https:\/\/asavida.pt\/index.php?rest_route=\/wp\/v2\/pages\/54\/revisions\/441"}],"wp:attachment":[{"href":"https:\/\/asavida.pt\/index.php?rest_route=%2Fwp%2Fv2%2Fmedia&parent=54"}],"curies":[{"name":"wp","href":"https:\/\/api.w.org\/{rel}","templated":true}]}}